f 346332 and 420?
84
Calculate the highest common divisor of 6519 and 9102.
123
What is the greatest common factor of 2849 and 596255?
407
What is the greatest common divisor of 1120 and 1050560?
1120
Calculate the highest common divisor of 2485 and 385.
35
What is the greatest common factor of 416 and 5785?
13
Calculate the greatest common factor of 42 and 1500.
6
Calculate the highest common divisor of 486 and 353322.
486
Calculate the highest common divisor of 38 and 366662.
38
What is the greatest common factor of 58368 and 16473?
57
Calculate the highest common divisor of 21960 and 16760.
40
What is the greatest common factor of 1183 and 44044?
91
What is the highest common divisor of 10950408 and 24?
24
What is the greatest common divisor of 27835 and 285?
95
What is the highest common divisor of 59084 and 4?
4
Calculate the highest common divisor of 459174 and 5253.
309
What is the highest common divisor of 480 and 26592?
96
What is the greatest common factor of 233400 and 5400?
600
What is the highest common factor of 2422 and 20678?
14
Calculate the highest common factor of 1090544 and 294.
98
Calculate the greatest common factor of 1536 and 8400.
48
Calculate the greatest common factor of 662 and 187015.
331
Calculate the highest common factor of 2771 and 561.
17
Calculate the highest common divisor of 328 and 2172836.
164
Calculate the greatest common divisor of 739054 and 4.
2
Calculate the highest common divisor of 630 and 1218.
42
Calculate the highest common factor of 2296593 and 1053.
1053
What is the greatest common divisor of 223803 and 162?
81
Calculate the highest common divisor of 8325 and 3150.
225
What is the highest common divisor of 17 and 1346?
1
What is the highest common divisor of 180 and 1695?
15
Calculate the greatest common factor of 43 and 8665661.
43
Calculate the greatest common divisor of 1425 and 9595.
95
Calculate the highest common divisor of 1090 and 358.
2
Calculate the greatest common divisor of 30 and 6725820.
30
Calculate the greatest common divisor of 512568 and 1944.
648
Calculate the greatest common divisor of 210 and 20118.
42
What is the greatest common divisor of 120406 and 22?
22
Calculate the highest common divisor of 159 and 142676.
53
What is the highest common divisor of 3277 and 2581?
29
Calculate the highest common divisor of 5098949 and 577.
577
Calculate the greatest common divisor of 14768 and 296.
8
Calculate the greatest common divisor of 22840 and 40.
40
Calculate the greatest common divisor of 3054 and 585859.
509
Calculate the greatest common divisor of 260 and 11434280.
260
Calculate the greatest common divisor of 268664 and 8514.
946
Calculate the highest common divisor of 4445 and 160.
5
Calculate the highest common factor of 43217 and 1541.
23
Calculate the greatest common factor of 321815 and 676.
13
Calculate the highest common factor of 1855048 and 728.
104
Calculate the highest common divisor of 1127830 and 220.
110
What is the greatest common divisor of 28 and 4047596?
28
What is the greatest common factor of 6798 and 78?
6
What is the greatest common divisor of 102 and 18207?
51
What is the greatest common divisor of 862 and 1541687?
431
Calculate the greatest common divisor of 15519 and 441.
21
Calculate the highest common divisor of 27 and 293589.
9
What is the highest common factor of 649 and 444919?
59
Calculate the greatest common divisor of 975 and 209300.
325
Calculate the greatest common divisor of 447902 and 12519.
1391
What is the greatest common factor of 7860 and 28740?
60
What is the greatest common factor of 524660 and 3330?
370
What is the greatest common factor of 3520 and 106480?
880
What is the highest common divisor of 2704 and 1824?
16
What is the highest common factor of 39 and 293163?
39
Calculate the greatest common factor of 773072 and 64.
16
What is the greatest common factor of 245 and 112175?
35
What is the highest common divisor of 13330 and 31?
31
What is the highest common factor of 315 and 39585?
105
Calculate the greatest common factor of 3527175 and 3930.
1965
Calculate the highest common divisor of 2924 and 51772.
172
What is the greatest common divisor of 268 and 29882?
134
Calculate the greatest common divisor of 881 and 1920.
1
What is the greatest common factor of 8536 and 5588?
44
What is the highest common factor of 41 and 134?
1
What is the highest common factor of 13 and 40040?
13
What is the highest common factor of 882 and 780822?
126
Calculate the greatest common factor of 104867 and 77.
7
What is the highest common factor of 12910 and 920?
10
Calculate the highest common factor of 390 and 31278.
78
What is the greatest common divisor of 418 and 121?
11
What is the greatest common factor of 132675 and 4275?
75
What is the greatest common divisor of 517 and 9776?
47
What is the highest common divisor of 150293 and 55?
11
Calculate the highest common factor of 3408435 and 18.
9
Calculate the highest common divisor of 1136 and 1550072.
568
Calculate the greatest common factor of 368 and 44252.
92
Calculate the highest common divisor of 280 and 46690.
70
What is the greatest common divisor of 240408 and 795?
159
What is the highest common divisor of 6612 and 285?
57
What is the highest common factor of 72 and 62838?
18
What is the highest common factor of 427 and 15029?
7
Calculate the highest common factor of 90140 and 400.
20
What is the highest common divisor of 24244 and 29887?
209
Calculate the greatest common divisor of 31293 and 122.
61
What is the highest common divisor of 659 and 4?
1
Calculate the greatest common factor of 36519 and 333.
111
Calculate the highest common divisor of 967 and 577.
1
Calculate the greatest common divisor of 10995 and 60.
15
Calculate the greatest common factor of 272 and 52088.
136
Calculate the highest common divisor of 50135 and 37185.
185
Calculate the greatest common divisor of 200 and 125900.
100
Calculate the highest common divisor of 42 and 320523.
21
What is the greatest common factor of 248500 and 300?
100
Calculate the highest common divisor of 2007 and 1539.
9
Calculate the greatest common divisor of 691123 and 74.
37
What is the greatest common factor of 479 and 418646?
479
What is the highest common divisor of 7 and 10361442?
7
What is the highest common divisor of 347650 and 650?
50
What is the highest common factor of 5704 and 1984?
248
What is the highest common factor of 16756 and 2596?
236
What is the highest common factor of 3040 and 584?
8
Calculate the highest common divisor of 285818 and 780.
26
Calculate the greatest common divisor of 26 and 338.
26
What is the greatest common divisor of 1054 and 122791?
527
What is the greatest common divisor of 403 and 1488?
31
Calculate the greatest common divisor of 13689 and 416.
13
Calculate the highest common factor of 1120 and 315.
35
Calculate the greatest common factor of 359366 and 931.
931
What is the highest common factor of 29386 and 182?
14
What is the greatest common factor of 2052834 and 74?
74
What is the highest common divisor of 30609 and 18468?
171
Calculate the highest common factor of 58 and 134.
2
Calculate the greatest common divisor of 8660 and 180.
20
What is the greatest common divisor of 68 and 156842?
34
What is the highest common divisor of 80 and 116480?
80
Calculate the greatest common factor of 1645 and 535283.
329
Calculate the greatest common factor of 2091 and 3321205.
697
What is the greatest common factor of 205860 and 120?
60
Calculate the greatest common divisor of 5712 and 42126.
714
What is the highest common factor of 26 and 1382?
2
Calculate the greatest common divisor of 46249 and 21.
7
Calculate the highest common divisor of 231250 and 8510.
370
Calculate the highest common divisor of 142219 and 154.
77
What is the highest common factor of 47552 and 320?
64
What is the highest common factor of 288 and 14016?
96
Calculate the greatest common divisor of 38 and 82802.
38
What is the highest common divisor of 32734 and 78?
26
What is the highest common factor of 304 and 205922?
38
What is the highest common divisor of 333 and 26136?
9
Calculate the greatest common factor of 15 and 696510.
15
Calculate the greatest common factor of 459675 and 45.
45
What is the greatest common factor of 34